(r). Determine z(4).
-4
Let y = 23 - 20. Let z(l) = 1 - y + 2*l + 2 + 2. Give z(-5).
-8
Let g(j) = -2*j - 32. Let v be g(-11). Let z = 11 + v. Let c(m) = -8*m + 1. Determine c(z).
-7
Let t(v) = v + 4. Suppose 2*h = 5*g + 33, 2*g - 3 = -2*h + g. Suppose -5*p + a + 0 + 3 = 0, h*p = 3*a + 9. Determine t(p).
4
Let k(g) = -4 + 0 - 3*g + 0*g + 4*g. Let u = 242 + -246. What is k(u)?
-8
Let f(q) = 5*q**3 - 14*q**2 + 23. Let s(z) = 2*z**3 - 6*z**2 + 11. Let d(a) = -3*f(a) + 7*s(a). What is d(0)?
8
Suppose -4*y = 2*x + 2 - 4, 0 = 2*y + 2*x + 2. Let c(j) = -2*j**2 - 8*j + 7*j**2 - 4*j**y + 6. Calculate c(5).
-9
Let a(x) = x. Let y = 3 + -7. Let m(h) be the first derivative of -5*h**2/2 + 4*h + 48. Let i(t) = y*a(t) - m(t). What is i(6)?
2
Let r(l) = 7*l**3 + 7*l**2 + 2*l + 1. Let w(i) = -20*i**3 - 20*i**2 - 5*i - 3. Let j(q) = -17*r(q) - 6*w(q). Calculate j(3).
25
Let k(s) = -43*s - 59*s - 40*s + 132*s - 3. Determine k(-5).
47
Let s(c) = -c**2 - 10*c + 3. Suppose -4*t - 51 = 3*p, -3*p + 6 = -5*t - 51. Calculate s(t).
-21
Let q(o) = -5*o**2 + 1 + 4*o**2 - 3*o - o**2. Suppose 3*h = 4*i + 68, 3*h - 27 = -5*i - 85. Let s = -17 - i. Determine q(s).
-8
Let y(n) be the second derivative of n**5/20 - 5*n**4/4 + n**3/6 - 15*n**2/2 + 340*n + 1. Determine y(15).
0
Let c(w) = 37 + w - 61 + 21. What is c(4)?
1
Let x(b) = -19 - 12*b + 10 + 7 + 8*b. Calculate x(-1).
2
Let n(x) be the third derivative of -x**5/60 + x**4/4 - 5*x**3/6 - 14*x**2. Suppose 4 = 3*h - 20. Let m = h - 4. Give n(m).
3
Let d(m) = 40*m - m**2 + 2 - 33*m + 2 + 5. Let l be d(7). Let r(n) = n - 13. What is r(l)?
-4
Suppose 2*c + 44 - 8 = 0. Let o be (6/9)/(4/c). Let u(v) = 2*v - 2. Determine u(o).
-8
Let a be (-4 + (-66)/(-12))/(3/6). Let g(q) = q**3 - 2*q**2 - 2*q - 4. Determine g(a).
-1
Let r(w) = -5*w - 10. Let j be (17 + -18)*(-1 + (-10)/(-1)). Determine r(j).
35
Let v(m) = m + 35. Let r = -1468 + 1456. Give v(r).
23
Let z(a) = -7*a**2 + 5*a + 1. Suppose -4*r - 10 = 2*u, -u + 2*r + 3 = 4. Let o(h) = 4*h**2 - 2*h. Let t(n) = u*z(n) - 5*o(n). Calculate t(5).
-3
Let m(u) = 4*u**3 - 41*u**2 - 63*u + 35. Let b(v) = v**3 - 10*v**2 - 15*v + 9. Let p(i) = -9*b(i) + 2*m(i). Give p(9).
-11
Let j(k) be the first derivative of k**3/3 - k**2 + 6*k - 12. Let n(w) be the first derivative of j(w). Give n(3).
4
Let s(h) = h**2 - 3*h + 1. Suppose 5*y + 40 = -5*c, 6*c = 11*c - 5*y + 10. Give s(c).
41
Let y(d) = d**3 - d**2 + d - 2. Let x be y(2). Let u(s) = -14*s**2 + 25*s**2 - 12*s**2 - x*s + 0*s. Calculate u(-4).
0
Let h(v) = -v**2 - 7*v - 1. Let g be 2/12 - 22*95/(-60). Let d = g - 40. Give h(d).
9
Let f(r) = -r + 2. Let d(s) = 6*s**2 - s + 1. Let h be d(-1). Calculate f(h).
-6
Let i(r) = -3*r + 10*r**3 - 24*r**2 - 9*r**3 + 20*r**2 - 7 - 3*r. Give i(5).
-12
Let j(m) = -8*m. Let t be 9 + 14/(-2) + 3. Suppose -t*z = -4*z - 2. Calculate j(z).
-16
Let x(j) = j**2 - 4. Let a(i) = -1. Let l(r) = -5*a(r) + x(r). Let z(s) = 2*s + 27. Let y be z(-11). Suppose 39 = y*q + 34. Calculate l(q).
2
Let j(u) be the third derivative of u**5/120 - u**4/8 - u**3/6 + 9*u**2. Let i(t) be the first derivative of j(t). Calculate i(6).
3
Let j(q) = -2 + 8*q**3 - 5*q + 4*q**3 - 6*q**2 + 6*q**3 - 19*q**3 + 1. Suppose 1 = -2*m - 7. What is j(m)?
-13
Let k(w) = 11*w**2 + 52*w - 8*w**2 - 55*w + 2. Suppose -10 = -3*i - 2*i. Determine k(i).
8
Let d(k) = 8*k + 12*k**2 - 55*k**2 + 12*k**2 + 12*k**2 + 17 + 20*k**2. What is d(-6)?
5
Let y(n) = -n - 1. Suppose 3*d = -4*v + 13, d + d = 4*v + 2. Let g(i) = -7*i - 9. Let u(z) = v*g(z) - 4*y(z). What is u(-5)?
10
Let a(i) be the second derivative of 5*i**3/6 + 22*i. Let f be 12/8*8/3. Calculate a(f).
20
Let q(g) = -7*g**3 + 18*g**2 + 7*g - 8. Let o(r) = -11*r**3 + 27*r**2 + 11*r - 12. Let u(b) = 5*o(b) - 8*q(b). Give u(9).
-5
Let p(a) = -4*a - 2*a - 12 + 17*a**2 - 10*a**2 + 26 + a**3. What is p(-8)?
-2
Let y(h) be the second derivative of 1/2*h**3 + h**2 - 9*h + 0. Calculate y(4).
14
Let a(j) = -2*j - 10. Let x be a(-3). Let t(d) = d**3 + 5*d**2 + 4*d + 1. Determine t(x).
1
Let v(k) = -4*k**2 - 33*k - 2 - 28*k + k**3 + 7 + 56*k. Calculate v(5).
5
Let u(w) = w + 9. Let f = -86 + 43. Let p = -43 - f. What is u(p)?
9
Let t(k) = k + 6. Let j = -83 - -80. What is t(j)?
3
Let b(q) be the third derivative of -q**5/20 - q**4/8 + q**3/3 + 35*q**2. Suppose z + 2*z = -6. Let s be b(z). Let c(n) = -2*n - 3. Determine c(s).
5
Suppose -4*x + 5*i = 1670, i = 2*x + x + 1247. Let u be x/(-45) + 2/(-9). Suppose 5*j + u + 11 = 0. Let f(q) = -2*q**2 - 5*q + 2. Give f(j).
-10
Let w be ((-12)/7)/((-7)/49). Let o = 14 - w. Let l(b) = b**3 + o + 2*b + 1 + b - 2*b**3. Calculate l(-2).
5
Let p(v) be the third derivative of -1/12*v**4 + 0*v + v**2 + 0 - 1/2*v**3 + 1/40*v**5. Let z(f) be the first derivative of p(f). Determine z(-2).
-8
Let z(c) = -c - 2. Let h be z(4). Let j(k) be the third derivative of k**4/24 + 4*k**3/3 - 1045*k**2. Determine j(h).
2
Let p(a) = a**3 + 8 - 6*a**2 - 8*a + 0*a**3 + 0*a**3 + 0*a. Let h be 0/((-3)/(0 + 3)). Suppose h = -0*w + 4*w - 28. Determine p(w).
1
Let k(h) = -65 + 13*h - 55 + 99 - h**2. Give k(10).
9
Let a(k) be the third derivative of -5*k**4/24 + 2*k**3/3 - 35*k**2. Determine a(3).
-11
Let a(g) = -14*g + 5 - 11*g - 16*g - 11*g + 51*g. Suppose 2*c + 4 + 4 = 0. What is a(c)?
9
Let w(o) = 5*o + 0*o**2 - o**2 + 8 + 2*o**2 + 3*o. Let f be w(-6). Let j(x) = 2 - 4*x - 6*x + 16*x + x**2. Determine j(f).
-6
Let t(l) = -8*l**2 - 4*l - 46. Let y(h) = -9*h**2 - 3*h - 47. Let s(x) = 8*t(x) - 7*y(x). Determine s(-6).
-9
Let v(j) = j**2 + 51*j + 228. Let t be v(-46). Let w(k) = 4*k + 1. Determine w(t).
-7
Let h(f) = -f**2 - 1. Let k = -3 + 4. Suppose 6 = -2*o - 3*t + k, -5*o + 3*t + 19 = 0. Suppose o*r - 2 + 6 = 0. Determine h(r).
-5
Let z(b) be the first derivative of b**3/3 - b**2/2 - b - 46. Suppose -o - 12 = 3*o, 3*a + 24 = -5*o. What is z(a)?
11
Let r = -68 + 70. Let z(d) = -8 + d + 7*d**2 - 4*d**2 - d**3 + 0*d**2 - 2*d**r. Give z(0).
-8
Let s be (-18)/(-45) - (-7)/(-5) - -230. Let k(j) = s + 223 + 5*j - j**2 - 445. Determine k(6).
1
Let y be ((-39)/6 - -2)*(-2)/3. Let v(z) = -2*z**2 - 4. What is v(y)?
-22
Let h(i) = 7*i**3 - 2*i**2 + 5*i - 4. Let m be h(1). Let g = 22 - 13. Let r(x) = 10 - m*x - g*x**2 + 8*x**2 + 0*x**2. Calculate r(-7).
3
Let f(y) be the third derivative of y**4/24 + 5*y**3/6 + 94*y**2 - 1. What is f(6)?
11
Let r be (3/(-4))/(15/(-40)). Let y(p) = 3*p**3 + 2*p**2 - 4*p + 3. Give y(r).
27
Let q(m) = -7318*m + 3660*m + 3659*m - 15. Give q(20).
5
Suppose t - 9*t - 40 = 0. Let i(p) = 2*p**3 - 2*p**2 + 4*p - 4. Let f(o) = -3*o**3 + 3*o**2 - 7*o + 7. Let d(j) = t*i(j) - 3*f(j). What is d(2)?
-3
Let f(h) = -h**2 - 4*h + 1. Let w be f(-5). Let p(j) = j**3 + j**2 - j + 1. Let g(u) = -7*u**3 - 12*u**2 - u - 10. Let b(n) = g(n) + 6*p(n). Calculate b(w).
-8
Let j(w) = -w**3 + 3*w**2 + 3. Let x(c) = -c**2 - 1. Let v(k) = -4*j(k) - 12*x(k). What is v(1)?
4
Suppose -4*s - 9 = 19. Let l(t) = t**3 - 2*t**2 + t + 1. Let b(h) = 7*h**3 - 5*h**2 + 6*h - 1. Let d(a) = -b(a) + 6*l(a). Give d(s).
7
Let d(n) = -n**2 - 6*n - 6. Suppose 53 + 37 = -18*q. What is d(q)?
-1
Let v(o) = 2*o**3 + 2*o**2 + o - 5. Let c(x) = x**3 + x**2 + x - 3. Let q(l) = -3*c(l) + 2*v(l). Let d = 3 - 4. Let j be q(d). Let u(h) = -h. Calculate u(j).
0
Let q(h) = -3*h - 5. Suppose -2*z - l = 75, -2*z = -0*z - 3*l + 95. Let k = -45 - z. Give q(k).
10
Let b(a) = -2198 - 8*a - 4*a**2 + 5*a**2 - 2206 + 4416. What is b(6)?
0
Let m(o) = -o**3 - 5*o**2 - 3*o - 5. Let h(k) = 58*k + 13. Let f be h(4). Suppose -5*s + f - 55 = 0. Let u = s - 42. What is m(u)?
-9
Let c(t) = -t**2 + 4*t - 5. Let s(n) = -2*n + 1. Let v(r) = -c(r) + 2*s(r). Calculate v(7).
0
Let m be (-1)/((-2)/(-3) - 1). Let o(u) = 32*u - 3 + 32*u - 58*u. Let g(y) = y - 1. Let c(f) = 4*g(f) - o(f). Calculate c(m).
-7
Let y(i) = -i**3 - i**2 - i. Let s(z) = 4*z**3 + 2*z - 1. Let c(v) = -s(v) - 2*y(v). Let g = -1798 + 1800. Determine c(g).
-7
Let v(n) = -9*n - 1. Let a(c) = -5*c. Let b(k) = -7*a(k) + 4*v(k). Let i(o) = -3. Let l(m) = 2*b(m) - 3*i(m). Calculate l(2).
-3
Let g(f) = -26 - 6 + 8 + 2*f - 3. Give g(15).
3
Let s(w) = 3*w**3 - 16*w**2 + 13*w - 15. Let z(p) = -p**3 + 5*p**2 - 4*p + 5. Let f(g) = 4*s(g) + 11*z(g). What is f(8)?
-5
Let a(t) = t - 18. Let s(p) = -3*p + 50